2) to base 3
22201
-9 (base 10) to base 5
-14
What is 71 (base 13) in base 11?
84
What is 0 (base 9) in base 8?
0
Convert -3 (base 8) to base 14.
-3
Convert -10 (base 2) to base 10.
-2
What is -341 (base 5) in base 14?
-6c
Convert 27 (base 9) to base 6.
41
Convert -4 (base 7) to base 8.
-4
What is 21 (base 9) in base 12?
17
What is -14 (base 9) in base 16?
-d
What is -1405 (base 6) in base 11?
-302
Convert 13 (base 4) to base 9.
7
-25 (base 15) to base 16
-23
Convert 4 (base 9) to base 12.
4
Convert -104 (base 6) to base 2.
-101000
Convert 70 (base 9) to base 2.
111111
-112 (base 5) to base 7
-44
What is 1b6 (base 12) in base 14?
162
Convert -1 (base 3) to base 6.
-1
What is -56 (base 7) in base 5?
-131
2 (base 14) to base 12
2
Convert 22101 (base 3) to base 4.
3202
35 (base 11) to base 12
32
What is 63 (base 9) in base 4?
321
-342 (base 5) to base 10
-97
3 (base 14) to base 16
3
6 (base 8) to base 11
6
-8 (base 15) to base 12
-8
-4 (base 5) to base 14
-4
What is 2 (base 8) in base 5?
2
9 (base 11) to base 2
1001
Convert 9 (base 14) to base 7.
12
Convert -22 (base 3) to base 15.
-8
What is 0 (base 3) in base 7?
0
97 (base 13) to base 16
7c
What is 5 (base 14) in base 3?
12
What is 120 (base 4) in base 8?
30
0 (base 15) to base 12
0
1 (base 4) to base 14
1
Convert 1 (base 15) to base 9.
1
What is 14 (base 14) in base 6?
30
16 (base 13) to base 10
19
-118 (base 11) to base 10
-140
Convert 110 (base 2) to base 8.
6
33 (base 4) to base 15
10
73 (base 12) to base 13
69
Convert 1122 (base 3) to base 14.
32
4 (base 5) to base 10
4
-101 (base 2) to base 12
-5
Convert -e (base 15) to base 8.
-16
Convert 14 (base 6) to base 14.
a
Convert 11 (base 2) to base 9.
3
4 (base 5) to base 6
4
-5 (base 8) to base 13
-5
0 (base 5) to base 7
0
-177 (base 11) to base 2
-11001101
36 (base 14) to base 12
40
What is -8 (base 12) in base 4?
-20
Convert 107 (base 8) to base 6.
155
What is 55 (base 13) in base 3?
2121
What is -1111 (base 2) in base 11?
-14
What is 1011 (base 2) in base 7?
14
Convert -5 (base 10) to base 14.
-5
What is -53 (base 6) in base 15?
-23
What is -10 (base 3) in base 9?
-3
What is -3 (base 5) in base 9?
-3
Convert -224 (base 10) to base 13.
-143
What is 10 (base 2) in base 7?
2
Convert 10 (base 3) to base 14.
3
Convert d (base 16) to base 3.
111
16 (base 7) to base 12
11
Convert a (base 14) to base 9.
11
2 (base 12) to base 8
2
0 (base 10) to base 6
0
What is -18 (base 15) in base 16?
-17
Convert 0 (base 8) to base 13.
0
What is 47 (base 10) in base 14?
35
-18 (base 10) to base 9
-20
Convert -5b (base 16) to base 12.
-77
Convert -1404 (base 5) to base 15.
-104
What is -232 (base 11) in base 8?
-425
What is 2 (base 3) in base 15?
2
-4 (base 11) to base 8
-4
2 (base 15) to base 8
2
Convert 11000 (base 2) to base 6.
40
What is 111001 (base 2) in base 5?
212
What is -175 (base 10) in base 14?
-c7
6 (base 15) to base 6
10
Convert 6 (base 13) to base 3.
20
Convert 100 (base 2) to base 13.
4
-3 (base 4) to base 13
-3
What is 2311 (base 4) in base 11?
155
What is -5 (base 7) in base 8?
-5
-1041 (base 6) to base 15
-111
Convert 38 (base 15) to base 9.
58
Convert 60 (base 13) to base 4.
1032
106 (base 13) to base 15
ba
Convert -2 (base 6) to base 3.
-2
1b (base 15) to base 3
222
Convert -23 (base 5) to base 2.
-1101
7 (base 15) to base 10
7
What is -4 (base 9) in base 5?
-4
Convert -12 (base 3) to base 10.
-5
What is -221 (base 6) in base 15?
-5a
What is -10 (base 6) in base 12?
-6
-265 (base 7) to base 8
-221
14 (base 5) to base 8
11
Convert 11 (base 12) to base 11.
12
Convert 29 (base 10) to base 4.
131
What is 2 (base 10) in base 4?
2
What is 165 (base 8) in base 14?
85
-10 (base 16) to base 6
-24
-1203 (base 5) to base 4
-2302
-36 (base 16) to base 5
-204
Convert 25 (base 7) to base 9.
21
33 (base 16) to base 6
123
What is -1110 (base 2) in base 3?
-112
Convert -40 (base 9) to base 7.
-51
Convert -1 (base 4) to base 3.
-1
Convert -2 (base 14) to base 7.
-2
Convert 16 (base 14) to base 8.
24
Convert -17 (base 9) to base 4.
-100
What is -19 (base 15) in base 4?
-120
Convert 10110 (base 2) to base 7.
31
Convert 1 (base 9) to base 8.
1
What is -1000 (base 2) in base 6?
-12
Convert -2 (base 3) to base 11.
-2
Convert -4c (base 14) to base 16.
-44
Convert 22 (base 3) to base 6.
12
What is 2 (base 4) in base 11?
2
Convert -3 (base 5) to base 14.
-3
What is -6 (base 10) in base 6?
-10
11001 (base 2) to base 10
25
What is 5 (base 10) in base 2?
101
-78 (base 13) to base 11
-90
Convert 4 (base 12) to base 2.
100
Convert 6 (base 8) to base 9.
6
9 (base 13) to base 4
21
What is 34 (base 5) in base 8?
23
What is -69 (base 14) in base 4?
-1131
What is -10100 (base 3) in base 8?
-132
-60 (base 7) to base 5
-132
-8 (base 13) to base 8
-10
Convert -2 (base 9) to base 14.
-2
Convert 1 (base 15) to base 3.
1
What is -177 (base 8) in base 5?
-1002
Convert -11 (base 2) to base 3.
-10
-1 (base 5) to base 6
-1
Convert 30 (base 9) to base 6.
43
Convert -69 (base 14) to base 2.
-1011101
What is -5 (base 8) in base 15?
-5
63 (base 14) to base 2
1010111
What is 53 (base 14) in base 6?
201
4 (base 11) to base 16
4
14a (base 12) to base 8
312
1 (base 10) to base 14
1
What is 23 (base 8) in base 12?
17
Convert 5 (base 15) to base 3.
12
-1 (base 4) to base 7
-1
What is -2 (base 15) in base 13?
-2
-3 (base 5) to base 11
-3
What is -3 (base 14) in base 7?
-3
What is -19 (base 14) in base 11?
-21
Convert -104 (base 7) to base 8.
-65
Convert 35 (base 10) to base 16.
23
What is 112 (base 3) in base 5?
24
What is 145 (base 6) in base 7?
122
Convert -2 (base 13) to base 7.
-2
22 (base 15) to base 8
40
What is 47 (base 15) in base 4?
1003
-1010100 (base 2) to base 10
-84
What is -212 (base 4) in base 14?
-2a
What is -10 (base 4) in base 8?
-4
What is 7 (base 16) in base 3?
21
Convert 3a (base 12) to base 14.
34
Convert a (base 12) to base 3.
101
What is 17 (base 10) in base 3?
122
Convert -45 (base 8) to base 2.
-100101
What is -54 (base 11) in base 15?
-3e
-2 (base 15) to base 11
-2
Convert 150 (base 11) to base 2.
10110000
What is -12 (base 4) in base 6?
-10
-4 (base 9) to base 8
-4
-2 (base 10) to base 15
-2
Convert -10110 (base 2) to base 10.
-22
What is -2100 (base 5) in base 16?
-113
What is -11 (base 2) in base 5?
-3
8 (base 12) to base 7
11
What is -16 (base 14) in base 8?
-24
-66 (base 9) to base 14
-44
21 (base 5) to base 8
13
Convert -10 (base 14) to base 6.
-22
What is -35 (base 7) in base 5?
-101
Convert 55 (base 15) to base 5.
310
-1 (base 14) to base 4
-1
-1 (base 8) to base 11
-1
-43 (base 12) to base 7
-102
198 (base 14) to base 12
236
What is 12 (base 7) in base 5?
14
0 (base 14) to base 7
0
0 (base 13) to base 3
0
What is -19 (base 14) in base 15?
-18
Convert 7b (base 12) to base 10.
95
Convert -1011 (base 4) to base 3.
-2120
Convert -101110 (base 2) to base 12.
-3a
What is -36 (base 12) in base 16?
-2a
Convert 3 (base 7) to base 11.
3
Convert -11 (base 7) to base 2.
-1000
Convert -5 (base 14) to base 4.
-11
What is -180 (base 13) in base 5?
-2043
Convert 26 (base 9) to base 7.
33
10011 (base 2) to base 16
13
0 (base 13) to base 3
0
Convert -106 (base 7) to base 3.
-2001
Convert -5 (base 8) to base 2.
-101
-433 (base 5) to base 4
-1312
What is 11011 (base 3) in base 12?
94
-b8 (base 12) to base 6
-352
Convert -20112 (base 3) to base 10.
-176
-12 (base 5) to base 7
-10
What is -11222 (base 3) in base 5?
-1014
Convert 3 (base 6) to base 4.
3
What is 6 (base 9) in base 7?
6
Convert -162 (base 10) to base 12.
-116
What is 10110 (base 3) in base 16?
5d
Convert 16 (base 16) to base 9.
24
4 (base 15) to base 8
4
What is -130 (base 5) in base 9?
-44
Convert 3 (base 4) to base 16.
3
Convert 105 (base 6) to base 10.
41
-10 (base 2) to base 3
-2
What is -116 (base 7) in base 16?
-3e
-1 (base 12) to base 10
-1
Convert 8 (base 15) to base 11.
8
-151 (base 11) to base 8
-261
Convert 23 (base 4) to base 16.
b
What is 152 (base 6) in base 11?
62
11 (base 4) to base 12
5
What is -18 (base 9) in base 2?
-10001
2 (base 7) to base 3
2
-3 (base 8) to base 6
-3
What is -211 (base 11) in base 5?
-2004
-12 (base 5) to base 13
-7
-20 (base 3) to base 14
-6
Convert 3 (base 14) to base 16.
3
What is 3 (base 11) in base 6?
3
-4 (base 8) to base 4
-10
What is 1 (base 8) in base 15?
1
What is 0 (b